st common factor of 6201 and 81.
9
Calculate the greatest common factor of 5980 and 65.
65
Calculate the highest common divisor of 21 and 36.
3
What is the greatest common factor of 36 and 72?
36
What is the highest common factor of 69 and 3?
3
Calculate the greatest common divisor of 113 and 19210.
113
Calculate the highest common factor of 3162 and 102.
102
Calculate the highest common divisor of 589 and 217.
31
Calculate the greatest common factor of 135 and 20.
5
Calculate the greatest common factor of 147 and 7203.
147
What is the highest common factor of 27 and 153?
9
What is the highest common divisor of 60 and 40?
20
What is the greatest common divisor of 10363 and 1928?
241
What is the highest common factor of 34 and 54434?
34
What is the greatest common divisor of 3430 and 130?
10
What is the greatest common divisor of 1003 and 2360?
59
What is the greatest common factor of 84 and 36?
12
What is the highest common factor of 1060 and 7155?
265
Calculate the highest common factor of 2520 and 160.
40
Calculate the greatest common factor of 1014 and 24.
6
What is the highest common divisor of 1335 and 915?
15
Calculate the highest common factor of 5508 and 102.
102
Calculate the highest common factor of 292 and 949.
73
What is the greatest common divisor of 34 and 306?
34
Calculate the greatest common factor of 40 and 13100.
20
What is the greatest common factor of 372 and 108?
12
Calculate the greatest common divisor of 2171 and 78.
13
Calculate the highest common divisor of 55 and 80.
5
What is the highest common divisor of 26797 and 211?
211
Calculate the highest common factor of 46 and 1334.
46
Calculate the highest common factor of 1705 and 110.
55
What is the highest common factor of 204 and 16116?
204
What is the highest common factor of 1918 and 7?
7
What is the greatest common factor of 15 and 345?
15
Calculate the greatest common factor of 98 and 819.
7
Calculate the highest common factor of 8062 and 58.
58
Calculate the highest common factor of 10135 and 5.
5
Calculate the greatest common factor of 87 and 3.
3
What is the highest common factor of 78 and 1430?
26
What is the highest common factor of 7 and 77?
7
What is the greatest common divisor of 14 and 21?
7
What is the highest common factor of 868 and 112?
28
Calculate the greatest common divisor of 90 and 80.
10
Calculate the greatest common divisor of 882 and 602.
14
Calculate the greatest common factor of 8384 and 128.
64
Calculate the highest common divisor of 32 and 2592.
32
What is the highest common divisor of 80 and 192?
16
Calculate the highest common divisor of 39 and 1066.
13
What is the highest common factor of 13330 and 20?
10
What is the highest common factor of 16 and 24?
8
What is the greatest common divisor of 16 and 42992?
16
What is the greatest common divisor of 2150 and 86?
86
What is the highest common factor of 435 and 290?
145
What is the highest common factor of 3384 and 32?
8
What is the highest common divisor of 18873 and 81?
81
Calculate the greatest common divisor of 32 and 10096.
16
Calculate the greatest common factor of 1880 and 40.
40
Calculate the greatest common divisor of 66 and 49467.
33
Calculate the greatest common divisor of 183 and 9.
3
What is the greatest common divisor of 2091 and 51?
51
What is the greatest common divisor of 28 and 63?
7
What is the highest common divisor of 40 and 1720?
40
What is the greatest common factor of 12 and 498?
6
Calculate the greatest common factor of 531 and 118.
59
What is the highest common divisor of 40 and 2560?
40
Calculate the highest common factor of 186 and 2294.
62
Calculate the highest common factor of 126 and 70.
14
What is the highest common factor of 24 and 372?
12
What is the greatest common factor of 15219 and 76?
19
Calculate the highest common divisor of 140 and 175.
35
Calculate the highest common divisor of 172 and 12.
4
Calculate the greatest common divisor of 464 and 2146.
58
What is the greatest common divisor of 1 and 127?
1
Calculate the highest common divisor of 14640 and 20.
20
What is the greatest common factor of 434 and 14?
14
Calculate the highest common factor of 664 and 80.
8
What is the highest common divisor of 14 and 371?
7
Calculate the greatest common divisor of 17 and 1139.
17
What is the highest common factor of 220 and 132?
44
Calculate the highest common factor of 247 and 152.
19
What is the greatest common factor of 144 and 32?
16
Calculate the highest common divisor of 2772 and 1100.
44
What is the greatest common divisor of 101 and 1313?
101
What is the greatest common factor of 230 and 30?
10
What is the greatest common factor of 58 and 1247?
29
Calculate the highest common divisor of 301 and 86.
43
Calculate the greatest common divisor of 35 and 13615.
35
What is the highest common factor of 14 and 154?
14
Calculate the highest common divisor of 8 and 20.
4
Calculate the highest common divisor of 30 and 10.
10
What is the greatest common divisor of 30 and 50?
10
What is the greatest common divisor of 164 and 28?
4
What is the greatest common factor of 24 and 150?
6
Calculate the greatest common divisor of 31 and 26.
1
Calculate the greatest common factor of 16 and 3088.
16
Calculate the highest common factor of 84 and 36.
12
Calculate the greatest common divisor of 9905 and 35.
35
What is the highest common divisor of 24 and 204?
12
Calculate the greatest common divisor of 165 and 1551.
33
What is the highest common divisor of 594 and 54?
54
What is the greatest common divisor of 2 and 40?
2
Calculate the greatest common divisor of 416 and 2392.
104
Calculate the highest common factor of 156 and 3172.
52
What is the greatest common divisor of 792 and 759?
33
Calculate the greatest common divisor of 9 and 9.
9
What is the greatest common divisor of 64 and 752?
16
What is the greatest common factor of 4 and 668?
4
Calculate the greatest common factor of 3250 and 26.
26
Calculate the greatest common factor of 195 and 15.
15
Calculate the greatest common divisor of 2092 and 2.
2
What is the highest common factor of 9472 and 8?
8
Calculate the highest common divisor of 8 and 5336.
8
What is the highest common factor of 68 and 51?
17
What is the highest common factor of 1274 and 91?
91
Calculate the highest common divisor of 51 and 221.
17
What is the greatest common factor of 133 and 361?
19
Calculate the highest common divisor of 12 and 36.
12
Calculate the highest common factor of 660 and 140.
20
Calculate the highest common divisor of 75 and 345.
15
What is the greatest common divisor of 14 and 329?
7
Calculate the highest common factor of 162 and 882.
18
Calculate the highest common divisor of 1107 and 41.
41
Calculate the highest common divisor of 19 and 4693.
19
What is the highest common factor of 414 and 18?
18
What is the highest common divisor of 2028 and 48?
12
Calculate the greatest common divisor of 150 and 240.
30
What is the greatest common divisor of 133 and 364?
7
What is the highest common divisor of 3190 and 1650?
110
Calculate the greatest common factor of 176 and 44.
44
What is the highest common factor of 742 and 14?
14
Calculate the greatest common divisor of 72 and 88.
8
What is the highest common factor of 9 and 202?
1
What is the highest common factor of 770 and 66?
22
What is the greatest common divisor of 2163 and 1545?
309
What is the highest common divisor of 960 and 1728?
192
Calculate the greatest common divisor of 91 and 13832.
91
What is the greatest common factor of 50 and 1400?
50
Calculate the highest common divisor of 68 and 2516.
68
Calculate the greatest common factor of 8 and 12.
4
Calculate the greatest common divisor of 20 and 2140.
20
What is the greatest common divisor of 63 and 1953?
63
What is the highest common factor of 1430 and 220?
110
What is the greatest common divisor of 42 and 39?
3
What is the greatest common divisor of 192 and 96?
96
What is the highest common factor of 14 and 161?
7
Calculate the highest common divisor of 845 and 10.
5
What is the greatest common divisor of 44 and 24?
4
Calculate the highest common divisor of 2904 and 96.
24
Calculate the highest common divisor of 105 and 168.
21
Calculate the greatest common factor of 314 and 2041.
157
Calculate the greatest common divisor of 56